 9151 a prime number?
True
Is 29123 prime?
True
Is 1151 composite?
False
Is 486637 prime?
True
Is 46477 composite?
False
Is 2505949 a composite number?
True
Is 308561 prime?
False
Is 415409 a composite number?
False
Is 95597 prime?
True
Is 898607 a prime number?
True
Is 541 composite?
False
Is 285533 a prime number?
True
Is 12799 composite?
False
Is 27079 a prime number?
False
Is 498521 a prime number?
True
Is 191 composite?
False
Is 8567 composite?
True
Is 3172529 prime?
True
Is 179 composite?
False
Is 6339 prime?
False
Is 3115769 a prime number?
True
Is 40681 prime?
False
Is 4117 a prime number?
False
Is 11573 a composite number?
True
Is 239699 prime?
True
Is 160249 a prime number?
False
Is 11677 a composite number?
False
Is 10651 a prime number?
True
Is 16457 prime?
False
Is 135829 a prime number?
True
Is 432731 composite?
True
Is 24537 a composite number?
True
Is 4047605 composite?
True
Is 730619 a composite number?
False
Is 156577 a composite number?
False
Is 146155 composite?
True
Is 225901 prime?
False
Is 5617 prime?
False
Is 4039 a composite number?
True
Is 61169 prime?
True
Is 71245 composite?
True
Is 17921 prime?
True
Is 763311 composite?
True
Is 4150085 composite?
True
Is 19553 composite?
False
Is 1409 a composite number?
False
Is 1369 a composite number?
True
Is 10867 prime?
True
Is 587413 a composite number?
False
Is 17467 a prime number?
True
Is 2797 a composite number?
False
Is 837281 a composite number?
True
Is 147701 prime?
False
Is 7765 a prime number?
False
Is 2182 prime?
False
Is 893861 prime?
False
Is 16493 a composite number?
False
Is 174677 composite?
True
Is 880661 composite?
False
Is 14277 a prime number?
False
Is 282959 prime?
True
Is 81611 composite?
False
Is 5171 prime?
True
Is 4769 composite?
True
Is 2281273 prime?
False
Is 245221 a prime number?
False
Is 191809 a prime number?
False
Is 179737 a prime number?
True
Is 851 a composite number?
True
Is 527263 a composite number?
True
Is 538607 a composite number?
True
Is 42305 a composite number?
True
Is 12751 prime?
False
Is 13223 a prime number?
False
Is 67583 a prime number?
False
Is 3899 composite?
True
Is 73217 composite?
True
Is 41011 a prime number?
True
Is 30641 prime?
False
Is 66635 a prime number?
False
Is 527 a composite number?
True
Is 60877 prime?
False
Is 77089 prime?
False
Is 2878 a prime number?
False
Is 172021 a prime number?
True
Is 130729 composite?
False
Is 3957 prime?
False
Is 4253 a prime number?
True
Is 56857 prime?
True
Is 9953 prime?
False
Is 2669 prime?
False
Is 9565 prime?
False
Is 424243 composite?
False
Is 830405 a composite number?
True
Is 1029731 composite?
False
Is 192715 prime?
False
Is 3173761 a prime number?
True
Is 57571 a composite number?
False
Is 341889 prime?
False
Is 2751857 prime?
True
Is 314257 a prime number?
True
Is 208021 a prime number?
False
Is 798713 prime?
True
Is 1148465 composite?
True
Is 8467 prime?
True
Is 2333 a prime number?
True
Is 124387 a prime number?
False
Is 9229 a composite number?
True
Is 303323 a prime number?
True
Is 259 prime?
False
Is 69899 a composite number?
False
Is 2583211 a composite number?
False
Is 39293 prime?
True
Is 27127 composite?
False
Is 15671 prime?
True
Is 23407 composite?
True
Is 806291 prime?
True
Is 130513 prime?
True
Is 10651 a composite number?
False
Is 9803 a composite number?
False
Is 1043 a composite number?
True
Is 191363 a prime number?
False
Is 17691 composite?
True
Is 1162193 composite?
False
Is 18958 a prime number?
False
Is 6051 composite?
True
Is 16057 a composite number?
False
Is 4547 composite?
False
Is 715823 a prime number?
True
Is 66803 composite?
True
Is 145703 a prime number?
True
Is 2123341 a prime number?
False
Is 5581 prime?
True
Is 67403 prime?
False
Is 650911 a composite number?
False
Is 376943 a composite number?
True
Is 28453 composite?
True
Is 2305 a prime number?
False
Is 815293 a composite number?
True
Is 877922 prime?
False
Is 168515 prime?
False
Is 14023 prime?
False
Is 9920579 a composite number?
False
Is 73699 a prime number?
True
Is 2334459 a composite number?
True
Is 662293 a prime number?
False
Is 429181 prime?
True
Is 59399 composite?
False
Is 6252079 prime?
True
Is 9781 composite?
False
Is 1361 a composite number?
False
Is 2179 a prime number?
True
Is 40993 a composite number?
False
Is 36717 prime?
False
Is 515387 a composite number?
True
Is 424429 a prime number?
True
Is 251 composite?
False
Is 21551 composite?
True
Is 14709 composite?
True
Is 2051 composite?
True
Is 5251 prime?
False
Is 214163 a composite number?
False
Is 242119 a composite number?
False
Is 21911 prime?
True
Is 127373 prime?
True
Is 32183 a prime number?
True
Is 595279 a composite number?
True
Is 656771 prime?
True
Is 8663 a prime number?
True
Is 59333 composite?
False
Is 136001 a composite number?
True
Is 342407 a prime number?
False
Is 123001 a prime number?
True
Is 44401 a composite number?
True
Is 42169 a prime number?
True
Is 4421 composite?
False
Is 6671 composite?
True
Is 85873 a prime number?
False
Is 482227 prime?
True
Is 22499 composite?
True
Is 147281 composite?
True
Is 57061 composite?
True
Is 921 composite?
True
Is 37331 composite?
True
Is 153191 composite?
False
Is 164953 a prime number?
True
Is 22901 a prime number?
True
Is 1559199 composite?
True
Is 29443 a composite number?
False
Is 3985 a composite number?
True
Is 641 a composite number?
False
Is 237889 prime?
False
Is 12793 prime?
False
Is 17077 a prime number?
True
Is 1835 composite?
True
Is 51371 a prime number?
False
Is 188537 a prime number?
False
Is 378949 composite?
False
Is 187211 composite?
False
Is 3593 prime?
True
Is 10427 prime?
True
Is 130769 a composite number?
False
Is 115919 a prime number?
False
Is 92459 composite?
False
Is 69809 composite?
False
Is 3793 composite?
False
Is 70423 a composite number?
False
Is 1325249 composite?
True
Is 417106 prime?
False
Is 95803 a prime number?
True
Is 26081 prime?
False
Is 88589 composite?
False
Is 6757 a prime number?
False
Is 191 prime?
True
Is 85678 a composite number?
True
Is 10645 a prime number?
False
Is 3218537 prime?
False
Is 232583 a composite number?
True
Is 31567 composite?
False
Is 33107 a prime number?
True
Is 48491 composite?
False
Is 26053 composite?
False
Is 45053 composite?
False
Is 2279 a prime number?
False
Is 22 a composite number?
True
Is 245543 a prime number?
False
Is 3649 composite?
True
Is 2278747 composite?
False
Is 5513 prime?
False
Is 63565 prime?
False
Is 30521 a prime number?
False
Is 13361 a composite number?
True
Is 145633 prime?
True
Is 104243 composite?
False
Is 191999 a composite number?
False
Is 417691 a prime number?
True
Is 1101 composite?
True
Is 63193 a prime number?
False
Is 12373 a prime number?
True
Is 13751 a prime number?
True
Is 21443 prime?
False
Is 4781 prime?
False
Is 2852387 a prime number?
True
Is 2723 a composite number?
True
Is 277201 a composite number?
True
Is 1430493 prime?
False
Is 25667 composite?
False
Is 13649 prime?
True
Is 3629 composite?
True
Is 4699 prime?
False
Is 5431 composite?
False
Is 171073 prime?
False
Is 14078 a composite number?
True
Is 40087 a prime number?
True
Is 8161433 a composite number?
True
Is 243301 a composite number?
False
Is 1148311 a prime number?
True
Is 2081 a composite number?
False
Is 583 composite?
True
Is 371617 a composite number?
False
Is 189887 a composite number?
False
Is 406717 a prime number?
True
Is 56381 a composite number?
True
Is 44797 prime?
True
Is 447401 a prime number?
True
Is 10079 prime?
True
Is 3353 a prime number?
False
Is 1811947 prime?
False
Is 69677 composite?
False
Is 194453 a prime number?
False
Is 142309 a prime number?
False
Is 2904079 composite?
True
Is 15877 a composite number?
False
Is 2683 prime?
True
Is 73751 a prime number?
True
Is 156682 a prime number?
False
Is 212777 a composite number?
False
Is 10911037 a prime number?
True
Is 38953 prime?
True
Is 1529 composite?
True
Is 6719 a composite number?
False
Is 13997 a composite number?
False
Is 125447 prime?
False
Is 65327 a composite number?
False
Is 2623 a prime number?
False
Is 1633 a prime number?
False
Is 669362 a prime number?
False
Is 248569 composite?
False
Is 532561 a composite number?
False
Is 8719 a composite number?
False
Is 107971 a composite number?
False
Is 46807 prime?